Let g(c) = -c**2 + 27*c + 197. Give g(22).
307
Let y(q) = -3*q - 21. Calculate y(-16).
27
Let q(j) = -j**3 + 13*j**2 + 21*j - 69. Give q(14).
29
Let y(h) = 16*h**2 - 44*h + 2. Determine y(3).
14
Let g(q) = 5*q - 348. Give g(20).
-248
Let q(n) = -2*n**2 - 97*n + 7741. Give q(-91).
6
Let g(f) = 2*f**2 - 9*f + 19. Give g(7).
54
Let z(k) = -699*k - 4915. What is z(-7)?
-22
Let h(j) = -10*j**2 + 31*j + 32. What is h(-1)?
-9
Let m(n) = -n**3 + 47*n**2 + 98*n - 3. Determine m(49).
-3
Let b(i) = 589*i + 10018. Give b(-17).
5
Let y(m) = -m**3 + 44*m**2 - 200*m + 172. Determine y(39).
-23
Let l(k) = -k**2 - 40*k - 84. Determine l(-2).
-8
Let r(g) = -9*g**2 - 84*g - 178. What is r(-6)?
2
Let t(k) = k**2 + 19*k + 21. Calculate t(-11).
-67
Let p(l) = 2*l + 551. Give p(68).
687
Let u(x) = -106*x - 863. Calculate u(-8).
-15
Let y(r) = 35*r - 758. What is y(21)?
-23
Let j(k) = k**2 - 30*k + 30. Give j(31).
61
Let n(f) = -29*f + 117. Calculate n(16).
-347
Let r(a) = a**2 - 183*a + 2328. Give r(14).
-38
Let p(v) = v**3 - 40*v**2 - 695*v + 320. Determine p(53).
2
Let l(v) = -3*v**2 - 186*v - 1508. Calculate l(-52).
52
Let h(w) = -w**3 + 10*w**2 + 38*w - 12. Give h(13).
-25
Let x(a) = -3*a**3 + 25*a**2 - 61*a + 39. Give x(4).
3
Let o(p) = 3*p**3 - p**2 - 22*p + 5. Determine o(3).
11
Let x(j) = 232*j - 1155. Calculate x(5).
5
Let u(h) = -828*h + 143250. Give u(173).
6
Let i(d) = 4*d**3 - 2*d**2 - 27*d + 8. Calculate i(-4).
-172
Let v(t) = -50*t + 3099. Calculate v(63).
-51
Let m(i) = -1232*i + 5. What is m(0)?
5
Let m(l) = 16*l - 204. What is m(3)?
-156
Let r(k) = -k**3 - 43*k**2 - 410*k - 31. Calculate r(-29).
85
Let f(v) = -305*v - 165. Calculate f(-2).
445
Let x(p) = -104*p - 9759. Calculate x(-94).
17
Let k(g) = -100*g - 1696. What is k(-17)?
4
Let n(p) = p**3 - 2*p**2 + 5*p - 1. Calculate n(0).
-1
Let u(d) = -41*d**3 - 6*d**2 + 4*d + 2. What is u(-1)?
33
Let u(l) = l**3 + 12*l**2 + 14*l - 14. Determine u(-10).
46
Let g(n) = 30*n + 126. Give g(-5).
-24
Let v(j) = -j**3 - 5*j**2 - 5*j - 7. Give v(-5).
18
Let v(o) = -752*o + 4538. Determine v(6).
26
Let m(q) = 6*q - 184. What is m(41)?
62
Let y(w) = 4*w**3 - 20*w - 3. Determine y(3).
45
Let o(c) = -c**3 - 275*c**2 - 2131*c + 42. Determine o(-8).
2
Let p(z) = z**3 - 2*z**2 - 1046*z - 3124. Give p(-3).
-31
Let d(z) = -z**3 - 8*z**2 + 49*z + 185. Give d(-11).
9
Let u(n) = -9717*n + 29139. Determine u(3).
-12
Let m(v) = 17*v + 85. Calculate m(-8).
-51
Let l(b) = -b**2 + 235*b - 12153. Determine l(77).
13
Let r(k) = k**2 - 17*k + 91. What is r(14)?
49
Let b(d) = -2*d**3 + 32*d**2 - 35*d + 66. Give b(15).
-9
Let m(x) = 225*x - 2703. Calculate m(12).
-3
Let h(i) = 158*i + 102. Calculate h(0).
102
Let s(b) = 2*b**3 + 33*b**2 + 76*b - 21. Calculate s(-14).
-105
Let d(u) = -310*u - 613. Give d(-2).
7
Let z(v) = -4*v - 114. Give z(-13).
-62
Let q(g) = 167*g - 2. Give q(-1).
-169
Let g(l) = l**3 + 13*l**2 - 14*l + 126. Calculate g(-15).
-114
Let s(f) = -25*f**2 - 9*f - 47. Give s(0).
-47
Let i(o) = 314*o + 7817. What is i(-25)?
-33
Let r(j) = 30*j**2 - 165*j + 166. Calculate r(1).
31
Let c(s) = s**3 - 13*s**2 - 44*s + 704. What is c(8)?
32
Let w(d) = -d**3 - 4*d**2 + 15*d - 42. Determine w(-10).
408
Let c(h) = 2*h**3 - 21*h**2 - 168*h + 1584. Determine c(12).
0
Let v(r) = r**3 - 37*r**2 + 176*r - 475. Give v(32).
37
Let r(l) = -l**2 + 3046*l - 45460. Give r(15).
5
Let o(p) = -153*p - 12. Determine o(-1).
141
Let m(r) = 728*r - 1445. Determine m(3).
739
Let k(s) = 2*s**3 - 7*s**2 - 26*s - 108. What is k(-5)?
-403
Let g(q) = 2*q**3 - 24*q**2 - 7*q - 3. Give g(12).
-87
Let i(r) = -4*r**2 + 2*r + 22. What is i(3)?
-8
Let x(v) = -5*v**2 + 53*v - 20. Determine x(9).
52
Let r(i) = 24*i**2 - 2923*i - 598. Give r(122).
12
Let n(s) = -107*s + 10909. Give n(102).
-5
Let o(a) = -a**3 + 43*a**2 - 320*a - 317. What is o(11)?
35
Let t(k) = -13*k**2 + 118*k + 3. Give t(9).
12
Let z(q) = 4*q**2 - 24*q - 15. Give z(9).
93
Let w(t) = 2*t**2 + 7*t - 22. Determine w(9).
203
Let o(b) = -19*b**2 - 186*b + 21. Determine o(-9).
156
Let j(m) = 7*m**2 + m - 27. What is j(-2)?
-1
Let o(i) = -154*i**3 - 5*i**2 + i + 3. Calculate o(1).
-155
Let l(h) = -39*h - 2154. Give l(-66).
420
Let a(j) = -j**3 - 74*j**2 + 843*j + 239. Calculate a(-84).
-13
Let n(u) = 212*u - 271. Give n(2).
153
Let y(o) = 2*o + 144. Calculate y(-5).
134
Let k(i) = 3*i**2 + 6*i + 55. Give k(6).
199
Let r(l) = l**3 - 37*l**2 + 231*l + 27. Determine r(29).
-2
Let j(n) = -n**3 - 23*n**2 + 173*n - 28. Determine j(-29).
1
Let k(o) = -3*o**2 - 31*o - 178. Calculate k(-9).
-142
Let i(z) = -z**2 + 162*z - 778. What is i(5)?
7
Let q(i) = 428*i + 4677. Determine q(-11).
-31
Let c(r) = 7*r + 64. Determine c(-6).
22
Let n(m) = -38*m**2 + 118*m - 25. Give n(3).
-13
Let z(p) = 2*p**2 + 3092*p - 18613. Determine z(6).
11
Let w(z) = z**3 - 3*z**2 - 5037*z + 20128. Give w(4).
-4
Let p(q) = -14*q**2 + 33*q - 12. What is p(2)?
-2
Let b(q) = q**2 + 58*q + 485. Determine b(-11).
-32
Let u(d) = -d**3 - 21*d**2 + 121*d + 523. Calculate u(-25).
-2
Let l(g) = -22*g - 126. Determine l(3).
-192
Let k(y) = y**3 - 22*y**2 - 30*y + 147. What is k(23)?
-14
Let t(z) = -2*z**3 + 4*z**2 + 13*z + 34. What is t(5)?
-51
Let h(z) = -z**3 - 83*z**2 - 123*z - 3366. Determine h(-82).
-4
Let h(o) = -248*o - 27276. Calculate h(-110).
4
Let b(l) = -14*l - 49. Calculate b(-10).
91
Let i(h) = -h**3 - 12*h**2 - 70*h - 295. Determine i(-8).
9
Let c(f) = f**3 + 17*f**2 - 28*f - 27. Give c(-18).
153
Let d(y) = -y**3 - 19*y**2 + 40*y + 1496. Give d(-15).
-4
Let r(j) = -j - 53. Calculate r(-62).
9
Let s(o) = -308*o - 78539. What is s(-255)?
1
Let j(u) = 9*u**3 + 72*u**2 - 2*u - 8. Give j(-8).
8
Let r(l) = l**3 - 5*l**2 - 50*l + 56. Give r(11).
232
Let t(a) = a**3 - 6*a**2 + 151*a - 1117. Calculate t(7).
-11
Let t(i) = i**2 + 36*i + 65. Determine t(-34).
-3
Let h(f) = 14158*f + 14175. Give h(-1).
17
Let n(j) = 447*j - 119355. Determine n(267).
-6
Let y(p) = 16*p**2 + 2*p - 2. Give y(1).
16
Let h(r) = 296*r + 5063. Give h(-17).
31
Let t(n) = -n**2 - 10*n + 68. Determine t(0).
68
Let n(o) = -2*o**3 - 319*o**2 - 63*o - 35675. Determine n(-160).
5
Let i(p) = 79*p - 6391. Give i(79).
-150
Let x(i) = -2*i**3 + 17*i**2 - 16*i + 59. Give x(8).
-5
Let f(a) = 2*a**3 + 13*a**2 + 56*a + 300. What is f(-6)?
0
Let m(s) = 77*s + 6370. Give m(-83).
-21
Let l(s) = -60*s**2 + 60*s + 119. What is l(2)?
-1
Let z(u) = -u**3 + 5*u**2 - 64*u + 489. Calculate z(7).
-57
Let t(l) = -58*l**2 + 171*l + 4. Determine t(3).
-5
Let t(o) = -o**2 + 181*o - 697. Calculate t(177).
11
Let f(a) = -6*a**3 + 2*a**2 + 62*a + 115. Calculate f(-2).
47
Let g(a) = 50*a - 4. Give g(0).
-4
Let y(j) = -18*j + 333. What is y(19)?
-9
Let v(y) = 4*y**2 + 8*y + 12. Give v(-4).
44
Let k(g) = 5*g**2 + 93*g + 93. What is k(-1)?
5
Let l(n) = -106*n - 1004. Calculate l(-9).
-50
Let k(i) = i**3 - 17*i**2 - 22*i + 771. Give k(15).
-9
Let v(d) = 70*d + 2551. Calculate v(-36).
31
Let y(f) = 212*f + 2508. Determine y(-12).
-36
Let f(t) = -842*t - 17816. Determine f(-21).
-134
Let t(f) = f**3 - 80*f**2 + 1403*f + 51. What is t(26)?
25
Let o(i) = 512*i + 7656. Determine o(-15).
-24
Let w(q) = -4*q**2 + 93*q - 1051. Determine w(15).
-556
Let x(d) = -267*d - 2975. What is x(-11)?
-38
Let r(t) = t**3 - 33*t**2 - 27*t - 237. Calculate r(34).
1
Let y(k) = -5*k**2 + 270*k + 316. What is y(55)?
41
Let a(z) = 777*z - 36. Determine a(0).
-36
Let u(c) = 8*c**2 + 32*c - 173. Give u(-7).
-5
Let t(o) = 2*o**2 - 195*o - 1507. Give t(105).
68
Let m(j) = -j**3 + 26*j**2 - 51*j + 47. Give m(24).
-25
Let u(a) = -a**2 + 26*a - 55. Give u(4).
33
Let v(s) = s**3 - 10*s**2 - 20*s - 34. What is v(11)?
-133
Let q(o) = o**3 + 30*o**2 - 72*o - 4459. Determine q(-15).
-4
Let w(u) = u**2 + 334*u + 2449. What is w(-7)?
160
Let v(b) = b**3 - 128*b**2 - 156*b + 3482. Give v(129).
-1
Let o(i) = -i**3 - 15*i**2 - 42*i - 110. What is o(-10)?
-190
Let q(i) = -16*i - 161. Calculate q(-6).
-65
Let f(l) = 6*l**3 - 4*l**2 + 101*l - 188. Give f(2).
46
Let k(t) = 798*t - 5583. What is k(7)?
3
Let b(p) = 326*p - 93. Determine b(1).
233
Let q(f) = -f**2 - 16*f + 20. What is q(0)?
20
Let v(w) = -w**3 - 27*w**2 + 11*w + 330. What is v(-27)?
33
Let n(s) = 21*s**2 + 159*s - 137. Give n(-8).
-65
Let m(u) = 13*u - 188. Calculate m(-16).
-39